{"id":2014,"date":"2022-09-15T03:07:19","date_gmt":"2022-09-15T03:07:19","guid":{"rendered":"https:\/\/fievutysjg.cfolks.pl\/jacekiagatka\/?page_id=2014"},"modified":"2022-10-18T05:57:41","modified_gmt":"2022-10-18T05:57:41","slug":"oferta","status":"publish","type":"page","link":"https:\/\/jacek-i-agatka.pl\/index.php\/oferta\/","title":{"rendered":"Oferta"},"content":{"rendered":"<p style=\"text-align: center;\"><span style=\"font-size: 24pt;\"><i><b>Przedszkole Jacek i Agatka&#8221; znajduje si\u0119 w bardzo \u0142adnym, ca\u0142kowicie dostosowanym do potrzeb dzieci budynku. Nasze sale s\u0105 kolorowe, s\u0142oneczne i bogato wyposa\u017cone w mebelki, zabawki i pomoce dydaktyczne posiadaj\u0105ce atest bezpiecze\u0144stwa. Dzieci do swojej dyspozycji maj\u0105 pi\u0119kny, bezpieczny i w pe\u0142ni wyposa\u017cony ogr\u00f3d o pow. ponad 1000m2.<\/b><\/i><\/span><\/p>\n","protected":false},"excerpt":{"rendered":"<p>Przedszkole Jacek i Agatka&#8221; znajduje si\u0119 w bardzo \u0142adnym, ca\u0142kowicie dostosowanym do potrzeb dzieci budynku. Nasze sale s\u0105 kolorowe, s\u0142oneczne i bogato wyposa\u017cone w mebelki, zabawki i pomoce dydaktyczne posiadaj\u0105ce atest bezpiecze\u0144stwa. Dzieci do swojej dyspozycji maj\u0105 pi\u0119kny, bezpieczny i w pe\u0142ni wyposa\u017cony ogr\u00f3d o pow. ponad 1000m2.<\/p>\n","protected":false},"author":1,"featured_media":0,"parent":0,"menu_order":0,"comment_status":"closed","ping_status":"closed","template":"","meta":{"ngg_post_thumbnail":0,"footnotes":""},"class_list":["post-2014","page","type-page","status-publish","hentry"],"_links":{"self":[{"href":"https:\/\/jacek-i-agatka.pl\/index.php\/wp-json\/wp\/v2\/pages\/2014","targetHints":{"allow":["GET"]}}],"collection":[{"href":"https:\/\/jacek-i-agatka.pl\/index.php\/wp-json\/wp\/v2\/pages"}],"about":[{"href":"https:\/\/jacek-i-agatka.pl\/index.php\/wp-json\/wp\/v2\/types\/page"}],"author":[{"embeddable":true,"href":"https:\/\/jacek-i-agatka.pl\/index.php\/wp-json\/wp\/v2\/users\/1"}],"replies":[{"embeddable":true,"href":"https:\/\/jacek-i-agatka.pl\/index.php\/wp-json\/wp\/v2\/comments?post=2014"}],"version-history":[{"count":4,"href":"https:\/\/jacek-i-agatka.pl\/index.php\/wp-json\/wp\/v2\/pages\/2014\/revisions"}],"predecessor-version":[{"id":2189,"href":"https:\/\/jacek-i-agatka.pl\/index.php\/wp-json\/wp\/v2\/pages\/2014\/revisions\/2189"}],"wp:attachment":[{"href":"https:\/\/jacek-i-agatka.pl\/index.php\/wp-json\/wp\/v2\/media?parent=2014"}],"curies":[{"name":"wp","href":"https:\/\/api.w.org\/{rel}","templated":true}]}}